igit of t/12 - 17/(-6)?
3
What is the units digit of (-30 + 2 + -3)*-1?
1
Let b(p) be the first derivative of p**4/4 + 10*p**3/3 + 9*p**2/2 + 13*p - 3. What is the tens digit of b(-9)?
1
Let w = -48 - -10. Let q = w + 17. Let u = -14 - q. What is the units digit of u?
7
Suppose -3*r - 5*m = -6 + 4, -r + 3*m + 10 = 0. Suppose -r*l + 57 = -l. What is the tens digit of l/2 + 2/4?
1
What is the tens digit of 120/9*(-9)/(-6)?
2
Suppose -3*z = 0, 5*s + 0*z - 3*z - 140 = 0. What is the units digit of s?
8
Suppose -4*c = -c + 5*w + 14, 3*c = -2*w - 2. Suppose g = 8 - c. What is the units digit of g?
6
Let k(v) = -v**2 - 11*v + 6. What is the tens digit of k(-6)?
3
Suppose 2*m = -37 + 5. Let y be (18/4)/((-2)/m). Suppose 2*w - y = -w. What is the tens digit of w?
1
Suppose -4*q + 83 = 3*z, -q - 2*z = -2*q + 18. What is the units digit of q?
0
Let z(r) = 2 + 2 - r + 1 + 0*r - r**2. Suppose 0 = -3*c + 4*c. What is the units digit of z(c)?
5
Suppose 5*a = -f + 10, -2*f = -0*f + 4*a + 10. Let q = -24 - f. What is the units digit of 60/9 + (-3)/q?
7
Let n(s) = -13*s**3 + s**2 - s - 1. Suppose 1 = -m - 0*m. What is the tens digit of n(m)?
1
Suppose 62 = 3*d - 13. Suppose -d = 4*k - 5*k. What is the tens digit of k?
2
What is the tens digit of (1 + -5)*(-15)/20 + 91?
9
Suppose 4*i = -5*r + 8 + 37, -3*i = -2*r - 5. Suppose 0 = 2*g - v - 17, -r*v + 1 - 8 = 3*g. What is the units digit of g?
6
Let u = 11 - 8. What is the units digit of (3/u)/(-2)*-12?
6
Suppose -3*y + 4*y + 2*v = 5, 5*y - 18 = -3*v. Suppose -1 = y*s - 7. What is the units digit of s?
2
Suppose 4*d = -3*u + 22, 3*d = -5*u + 8*d - 10. Suppose 110 = 3*c + u*c. What is the units digit of c?
2
Suppose -28 = -4*v + 5*q - 8, q = 4. Let w(n) = n + 1. What is the tens digit of w(v)?
1
Suppose 0 = i - 3*n + 5, -3*i - 5*n + 3*n = -40. Let z = 14 - i. Suppose 0 = 2*y - 8 + z. What is the units digit of y?
2
Let v = -6 - -10. Suppose 0 = 4*z - z - 12. Suppose -4*g - 4*f + 40 = 0, -z = -v*g + f + 4*f. What is the units digit of g?
6
Let k = -126 - -237. What is the tens digit of k?
1
Let s be 72/2 - (2 - 4). Suppose 2*r = -2*r + 3*w + 129, -r = 5*w - s. What is the units digit of r?
3
Let h be (-1)/((-6)/(-3) - 3). Let f = h - -10. What is the units digit of f?
1
Suppose -5*r = 2 - 17. Let x(b) = 11*b - 4. What is the tens digit of x(r)?
2
Let c(v) = -3*v + 2 - 5*v - v**2 + v. Let p be 3/(-2)*(-40)/(-12). What is the units digit of c(p)?
2
Suppose -3*l - 5*x = -405, -5*x - 540 = -4*l - 0*x. What is the hundreds digit of l?
1
Let x(j) = 58*j**2 + j. Let s be x(1). Let w = s + -39. What is the tens digit of w?
2
Suppose 1 - 4 = 3*c. Let o = 4 - c. What is the units digit of o?
5
Suppose 0 = -g - 0*g. Let b = g - -2. Let n = 1 + b. What is the units digit of n?
3
Let j(p) = 8*p. Suppose 3*m + 3 = -0*m. Let f be j(m). Let l = f - -17. What is the units digit of l?
9
Suppose -10 + 2 = 4*x. Suppose -25 = 5*b - 95. What is the units digit of x - (3 - b - -1)?
8
Let v(p) = -2*p - 5. Let k be v(-4). Suppose 0 = -3*a + 1 + 5. Suppose h = a*y + 6, -k*h - h + y = -10. What is the units digit of h?
2
Suppose -4*o + 4*z + 13 = 3*z, 3*o = 4*z. Let p = 6 - o. Suppose 3 = -3*g, -3*g + 48 = p*t + t. What is the tens digit of t?
1
Let g(j) = 2*j**2 - 10*j + 29. What is the tens digit of g(12)?
9
Suppose 3*q + 2*q + 3*c = 84, -5*q - 5*c = -80. What is the units digit of q?
8
Let x = 19 + -16. Suppose 7*f = x*f + 5*z + 147, -21 = -f - 4*z. What is the units digit of f?
3
Let d(u) = -u**3 - 8*u**2 - 9*u - 4. Let r be d(-7). Suppose r = j - 0*j. Suppose c = k + 6, -c = 2*k - 1 + j. What is the units digit of c?
1
What is the units digit of (-6)/7*(-6 + -1)?
6
Suppose 35 = 2*i - 4*y - 33, 5*i = -3*y + 196. What is the units digit of i?
8
Let d(c) = 6*c + 20. What is the units digit of d(13)?
8
Suppose 0 = -2*q - 2*l - l + 1, -4*q + 4*l = -12. Suppose 4*j - 121 = z, q*j + 3*z = -3*j + 147. What is the units digit of j?
0
Let y(d) = -d**3 - 13*d**2 + 14*d + 8. What is the units digit of y(-14)?
8
Suppose -16*n = -17*n + 98. What is the tens digit of n?
9
Let n(r) = 2*r**2 + 8*r - 1. Suppose 3*x + 2*x = -30. What is the tens digit of n(x)?
2
Let a(t) = t**2 - 5*t + 4. Let f be a(6). Let y = f + -6. Suppose -4 = -y*v - 0*v. What is the units digit of v?
1
Suppose 4*a + 2*c + 2 = 2*a, 3*c + 13 = 2*a. Let i(n) = -4*n**2 + n**2 + a*n**2 + 8. What is the units digit of i(0)?
8
Let y(g) = -g - 1. Let d(h) = 8*h - 2. Let a(w) = d(w) + 6*y(w). What is the tens digit of a(10)?
1
Suppose 6*z - 7*z + 10 = 0. Suppose z*w - 10 = 5*w. What is the units digit of w?
2
Let f = -16 + 20. What is the units digit of f?
4
Let l(v) = -13*v + 1. Let h be l(-1). Suppose -h + 0 = -2*w. What is the units digit of w?
7
Let j(d) = -16*d**3 - d**2 - 2*d - 1. Let i be j(-1). What is the units digit of (3/(-2))/((-8)/i)?
3
Let x be 38/3 - 6/9. Suppose 0 = -2*k - 2*k + x. Suppose -k*f + 2*y = f - 28, 2*y + 14 = 2*f. What is the units digit of f?
7
Let v(r) = -2*r**2 + 5*r - 6. Suppose 2 = -2*m + 10. Let y be v(m). What is the units digit of (-5)/2*y/15?
3
Suppose -z + 2*z = 120. Suppose -u = 2*n + 3*u - 90, 3*u = -3*n + z. What is the units digit of (6/(-7))/((-5)/n)?
6
Let u(g) be the second derivative of -g**4/12 - 5*g**3/3 + 7*g**2/2 + 4*g. What is the tens digit of u(-9)?
1
Suppose 0 = -2*b - 5*p + 97, -2*b - 3*p + 229 = 2*b. What is the units digit of b?
1
Let m be (-1)/((4/28)/1). Let v(f) = -f**3 - 6*f**2 + 4*f + 10. What is the units digit of v(m)?
1
Suppose 0*w + w - 55 = 0. What is the units digit of w?
5
Let w(o) = 7*o - o + 8*o**2 + 2*o + 3*o**3 + 10 - 2*o**3. What is the units digit of w(-7)?
3
Let b = 11 + -8. Suppose -b*w + 60 = w. What is the tens digit of w?
1
Suppose -5*j + 3*x = -3 - 73, -j + 4*x + 22 = 0. What is the tens digit of j?
1
Let h = -8 - -45. What is the tens digit of h?
3
Suppose 74 + 228 = 4*d - 2*f, 4*d - 5*f = 305. What is the units digit of (-6)/(-33) + d/11?
7
Let w(l) = l - 10. Let v be w(10). What is the units digit of 23 + -11 + (-3 - v)?
9
Suppose -23 + 3 = 5*p. What is the units digit of (3/(-4))/(1/p)?
3
Let b(z) = 6*z. Let s be b(8). Let x = s + -33. What is the units digit of x?
5
Suppose 0 = -4*v - v. Suppose -5*h + v*h + 20 = 0. Suppose -3*o = o - h. What is the units digit of o?
1
Let f(q) = q**3 - 3*q**2 + 3*q. Let r be f(2). Suppose -4*x - 34 = -5*d, -1 + 9 = d - r*x. What is the units digit of d?
6
What is the units digit of (142/(6/(-6)))/((-2)/4)?
4
Let c(w) = 92*w**3 + 3*w - 2. What is the units digit of c(1)?
3
What is the units digit of (56/10)/((-4)/(-10))?
4
What is the tens digit of ((-10)/(-6))/(8/(-24))*-15?
7
Let s(t) = t**3 - 7*t**2 - 5*t + 9. Suppose -g + 2 = -6. What is the tens digit of s(g)?
3
Let p(v) = 50*v + 1. Let x be p(-1). What is the tens digit of (-1141)/x - 4/14?
2
Let a(j) be the third derivative of -j**6/360 - j**5/24 + j**4/12 + j**3/6 - 2*j**2. Let r(g) be the first derivative of a(g). What is the units digit of r(-5)?
2
Suppose 7*n - 140 = 2*n + 3*t, 118 = 3*n + 5*t. Suppose -9 = 2*l - n. What is the tens digit of l?
1
Let k(a) be the second derivative of a**4/12 - a**3/6 - a**2 + 2*a. What is the units digit of k(6)?
8
Let v(j) = -101*j**3 - j**2 - j - 1. Let l be v(-1). Suppose -9*b - l = -13*b. What is the tens digit of b?
2
Suppose 2*k + 5*f = 84, -3*k = 3*f + 12 - 129. What is the tens digit of k?
3
Let v = -13 - -18. Suppose v*a - 83 = -23. Suppose a = m + m. What is the units digit of m?
6
Suppose 0 = -5*r - 4*t - 5 - 1, 2*r + 4 = -2*t. What is the units digit of r?
2
What is the units digit of (18/(-12))/(2/(-268))?
1
Suppose 0 = 2*n - 5*n + i + 16, -2*n + 5*i = -28. Suppose 0 = -3*z - 2*h - 10, z - 20 = -3*z + 4*h. Suppose b - 6 - n = z. What is the tens digit of b?
1
What is the hundreds digit of 1 + (161 - 3) + 0 + -1?
1
Suppose 5*k - y = 423, -y + 14 - 269 = -3*k. Suppose -3*m + 31 = 3*c - 5, -5*m + c + k = 0. What is the units digit of m?
6
What is the units digit of (-654)/(-26) + 4/(-26)?
5
Let l be (-1)/((-62)/20 - -3). Let s = l - -16. What is the tens digit of s?
2
Let y = -13 - -19. Let b(z) = 13 - z**2 - 9 + 7*z + 0*z**2. What is the tens digit of b(y)?
1
Suppose -3*v - 729 = -12*v. What is the units digit of v?
1
Let h(f) = 6*f**2 - 2*f + 1. What is the units d